{"id":303,"date":"2016-12-18T04:34:13","date_gmt":"2016-12-18T04:34:13","guid":{"rendered":"http:\/\/fluentthemes.com\/wp\/depilex\/?page_id=9"},"modified":"2026-01-21T16:00:34","modified_gmt":"2026-01-21T15:00:34","slug":"home","status":"publish","type":"page","link":"https:\/\/frisoer-wuestenrot.de\/","title":{"rendered":"Home"},"content":{"rendered":"<div class=\"wpb-content-wrapper\"><p>[vc_row full_width=&#8221;stretch_row_content_no_spaces&#8221;][vc_column][vc_column_text][rev_slider_vc alias=&#8221;hauptslider-1&#8243;][vc_raw_html]JTNDYnIlM0U=[\/vc_raw_html][\/vc_column_text][\/vc_column][\/vc_row][vc_row el_id=&#8221;about&#8221;][vc_column]<section class=\"padding-top-120\">\r\n\t\t\t<div class=\"container\">\r\n\t\t\t  <div class=\"section-title\"> <strong>SCH\u00d6N, DASS SIE DA SIND !<\/strong>\r\n\t\t\t\t<h1 class=\"heading bold\">\u00dcBER UNS<\/h1>\r\n\t\t\t\t<hr>\r\n\t\t\t\t<p>Meine Philosophie und pers\u00f6nliche \u00dcberzeugung beinhalten einen offenen und ehrlichen Umgang, Zuverl\u00e4ssigkeit und Glaubw\u00fcrdigkeit.<br \/>\nDas ganze veredelt mit gro\u00dfer Freude am Beruf, viel Kreativit\u00e4t, aktuellem Fachwissen und einen Blick f\u00fcr Sch\u00f6nheit und Harmonie.<\/p>\n<p>Andrea Wildenhain<\/p>\r\n\t\t\t  <\/div>\r\n\t\t\t  <!-- End title-section -->\r\n\t\t\t  \r\n\t\t\t  <div class=\"row padding-top-30\">\r\n\t\t\t\t<div class=\"col-md-6 col-md-push-5 col-md-offset-1\"> \r\n\t\t\t\t  <!-- Accordion -->\r\n\t\t\t\t  <dl class=\"accordion\">\t\t\t\t<dt> <a class=\"active\" href=\"#\">Beratung<\/a> <\/dt>\r\n\t\t\t\t\t<dd>\r\n\t\t\t\t\t  <p>Sie w\u00fcnschen sich eine kleine oder gro\u00dfe Ver\u00e4nderung ? Einen frischeren Look, eine neue Farbe, sanfte Wellen, mehr Glanz, oder einfach eine umfassende Beratung ?<br \/>\nBin gerne f\u00fcr Sie da.<\/p>\r\n\t\t\t\t\t<\/dd>\r\n\t\t\t\t\t\t\t\t\t<dt> <a  href=\"#\">HAARSCHNITT<\/a> <\/dt>\r\n\t\t\t\t\t<dd>\r\n\t\t\t\t\t  <p>Haareschneiden ist ein bisschen wie Bildhauerei.Es gilt die passende Form und L\u00e4nge f\u00fcr die jeweilige Gesichtsform, K\u00f6rpergr\u00f6\u00dfe und Silhouette zu finden. Der Schnitt sollte zum Typ und Lebensstil passen. Individualit\u00e4t ist angesagt.<\/p>\r\n\t\t\t\t\t<\/dd>\r\n\t\t\t\t\t\t\t\t\t<dt> <a  href=\"#\">Haarfarben<\/a> <\/dt>\r\n\t\t\t\t\t<dd>\r\n\t\t\t\t\t  <p>Wie m\u00f6chten Sie in Erscheinung treten ?<br \/>\nMit Haarfarben sind wir in der Lage, unser Gesicht, unsere Silhouette, hart, weich, klassisch, nat\u00fcrlich ... wirken zu lassen.<br \/>\nDer Trend geht stark zu nat\u00fcrlich wirkenden Farben mit z.B. Konturenstr\u00e4hnen, helleren Spitzen, nat\u00fcrlichen Rott\u00f6nen, dunkleren Ans\u00e4tzen ...<br \/>\nDer Kreativit\u00e4t sind keine Grenzen gesetzt.<\/p>\n<p>Beratung durch einen Fachmann ist hier unverzichtbar.<br \/>\nEin Thema, so individuell wie wir selbst.<\/p>\r\n\t\t\t\t\t<\/dd>\r\n\t\t\t\t\t\t\t\t\t<dt> <a  href=\"#\">Str\u00e4hnen<\/a> <\/dt>\r\n\t\t\t\t\t<dd>\r\n\t\t\t\t\t  <p>Ombre, Sombre, Contouring, klassische Folientechnik ...<\/p>\n<p>- Balayage - organisch und nat\u00fcrlich wirkender Farblook<\/p>\n<p>- Babylights - nat\u00fcrliche Highlights nach dem Vorbild von Kinderhaaren.<\/p>\n<p>Ich berate Sie gerne !<\/p>\r\n\t\t\t\t\t<\/dd>\r\n\t\t\t\t\t\t\t\t\t<dt> <a  href=\"#\">Pflanzenfarbe<\/a> <\/dt>\r\n\t\t\t\t\t<dd>\r\n\t\t\t\t\t  <p>Aus \u00dcberzeugung ein gutes Gef\u00fchl. Entdecken Sie moderne Nat\u00fcrlichkeit.<br \/>\n- 80% reine Pflanzenbestandteile<br \/>\n- saurer pH-Wert und nat\u00fcrliche Pflegestoffe f\u00fcr eine gekr\u00e4ftigte Haarstruktur und<br \/>\nverbesserte K\u00e4mmbarkeit<br \/>\n- frei von Alkalisierungsmitteln und Ammoniak<br \/>\n- 2 Natur- und 8 Modet\u00f6ne<br \/>\n- Grauabdeckung bis zu 50%<br \/>\n- brilliante Farben mit viel Glanz<\/p>\r\n\t\t\t\t\t<\/dd>\r\n\t\t\t\t\t\r\n\t\t\t\t  <\/dl>\r\n\t\t\t\t  <!-- End Accordion --> \r\n\t\t\t\t  \r\n\t\t\t\t<\/div>\r\n\t\t\t\t<!-- end col-md-6 -->\r\n\t\t\t\t\r\n\t\t\t\t<div class=\"col-md-5 col-md-pull-7\"> <img loading=\"lazy\" decoding=\"async\" width=\"800\" height=\"1200\" src=\"https:\/\/frisoer-wuestenrot.de\/wp-content\/uploads\/2021\/02\/andrea.jpg\" class=\"img-responsive attachment-full\" alt=\"\" title=\"andrea\" \/> <\/div>\r\n\t\t\t\t<!-- end col-md-5 --> \r\n\t\t\t\t\r\n\t\t\t  <\/div>\r\n\t\t\t  <!-- end row --> \r\n\t\t\t<\/div>\r\n\t\t\t<!-- end container --> \r\n\t\t  <\/section>[\/vc_column][vc_column][vc_empty_space][\/vc_column][\/vc_row][vc_row full_width=&#8221;stretch_row_content_no_spaces&#8221;][vc_column]<div class=\"parallex-small section-padding-70\">\r\n\t\t\t\t<div class=\"container\">\r\n\t\t\t\t  <div class=\"row\">\r\n\t\t\t\t\t<div class=\"col-md-8\">\r\n\t\t\t\t\t  <div class=\"parallex-text\">\r\n\t\t\t\t\t\t<h4>HABEN SIE UNS ETWAS ZU SAGEN?<\/h4>\r\n\t\t\t\t\t\t<p>\u00dcber das Kontaktformular k\u00f6nnen Terminanfrage gesendet werden.<\/p>\r\n\t\t\t\t\t  <\/div>\r\n\t\t\t\t\t  <!-- end subsection-text --> \r\n\t\t\t\t\t<\/div>\r\n\t\t\t\t\t<!-- end col-md-8 -->\r\n\t\t\t\t\t\r\n\t\t\t\t\t<div class=\"col-md-4\">\r\n\t\t\t\t\t  <div class=\"parallex-button\"> <a class=\"page-scroll btn btn-lg btn-clean\" href=\"#contact\">Kontakt<\/a> <\/div>\r\n\t\t\t\t\t  <!-- end parallex-button --> \r\n\t\t\t\t\t<\/div>\r\n\t\t\t\t\t<!-- end col-md-4 --> \r\n\t\t\t\t\t\r\n\t\t\t\t  <\/div>\r\n\t\t\t\t  <!-- end row --> \r\n\t\t\t\t<\/div>\r\n\t\t\t\t<!-- end container --> \r\n\t\t\t  <\/div>[vc_empty_space][\/vc_column][\/vc_row][vc_row el_id=&#8221;news&#8221;][vc_column]<div class=\"section-title-left\"> <strong>AKTUELLES<\/strong>\r\n\t\t\t\t<h1 class=\"heading bold\">Kamm In freut sich \u00fcber Ihren Besuch!<\/h1>\r\n\t\t\t\t<hr>\r\n\t\t\t\t<p><\/p>\r\n\t\t\t  <\/div>[vc_single_image image=&#8221;2441&#8243; img_size=&#8221;large&#8221; alignment=&#8221;center&#8221; onclick=&#8221;custom_link&#8221; css_animation=&#8221;flipInY&#8221; link=&#8221;https:\/\/www.glynt.com\/a\/308255&#8243;][vc_empty_space][\/vc_column][\/vc_row][vc_row el_id=&#8221;pictures&#8221;][vc_column][vc_separator][vc_empty_space][\/vc_column][\/vc_row][vc_row full_width=&#8221;stretch_row_content_no_spaces&#8221; el_id=&#8221;hours&#8221;][vc_column]<section style=\"background: rgba(0, 0, 0, 0) url(http:\/\/fluentthemes.com\/wp\/depilex\/wp-content\/uploads\/2016\/12\/working-hours.jpg) no-repeat scroll center top \/ cover ;\" class=\"section-padding parallex working-hours\" data-stellar-background-ratio=\"0.1\">\r\n    <div class=\"container\">\r\n      <div class=\"section-title-left white\"> <strong>\u00d6FFNUNGSZEITEN<\/strong>\r\n        <h1 class=\"heading bold white\">WANN WIR ARBEITEN<\/h1>\r\n        <hr class=\"white\">\r\n        <p class=\"white\">Liebe Kunden, wir bitten um telefonische Terminvereinbarung.<\/p>\r\n      <\/div>\r\n      <div class=\"row\">\r\n        <div class=\"working-area  padding-top-30\">\r\n          <div class=\"col-md-8\">\r\n            <div class=\"row\">\r\n\t\t\t\r\n              <div class=\"col-md-4\">\r\n                <div class=\"opening-hour-grid\">\r\n                  <h4>MONTAG<\/h4>\r\n                  <span>geschlossen<\/span> <\/div>\r\n              <\/div>\r\n\t\t\t  \r\n              <div class=\"col-md-4\">\r\n                <div class=\"opening-hour-grid\">\r\n                  <h4>DIENSTAG<\/h4>\r\n                  <span>Termine nach Vereinbarung<\/span> <\/div>\r\n              <\/div>\r\n\t\t\t  \r\n              <div class=\"col-md-4\">\r\n                <div class=\"opening-hour-grid\">\r\n                  <h4>MITTWOCH<\/h4>\r\n                  <span>Termine nach Vereinbarung<\/span> <\/div>\r\n              <\/div>\r\n\t\t\t  \r\n              <div class=\"col-md-4\">\r\n                <div class=\"opening-hour-grid\">\r\n                  <h4>DONNERSTAG<\/h4>\r\n                  <span>Termine nach Vereinbarung<\/span> <\/div>\r\n              <\/div>\r\n\t\t\t  \r\n              <div class=\"col-md-4\">\r\n                <div class=\"opening-hour-grid\">\r\n                  <h4>FREITAG<\/h4>\r\n                  <span>Termine nach Vereinbarung<\/span> <\/div>\r\n              <\/div>\r\n\t\t\t  \r\n              <div class=\"col-md-4\">\r\n                <div class=\"opening-hour-grid\">\r\n                  <h4>SAMSTAG<\/h4>\r\n                  <span>Termine nach Vereinbarung<\/span> <\/div>\r\n              <\/div>\r\n\t\t\t  \r\n            <\/div>\r\n          <\/div>\r\n          <!-- End col-md-6 -->\r\n\t\t  \r\n          <div  class=\"col-md-4\">\r\n            <h3>Qualit\u00e4t braucht Zeit<\/h3>\r\n            <p>Wir beraten,schneiden, f\u00e4rben, pflegen, f\u00f6hnen, stylen... Das alles nimmt Zeit in Anspruch. Eine Investition die sich lohnt. Bitte bringen Sie au\u00dfreichend Zeit zu Ihrem Beautytermin mit.<\/p>\r\n          <\/div>\r\n\t\t  \r\n          <!-- End col-md-6 --> \r\n        <\/div>\r\n      <\/div>\r\n      <!-- End row --> \r\n    <\/div>\r\n  <\/section>[\/vc_column][\/vc_row][vc_row full_width=&#8221;stretch_row&#8221; top_padding=&#8221;140px&#8221; bottom_padding=&#8221;30px&#8221; css=&#8221;.vc_custom_1507886606366{background-color: #f9f9f9 !important;}&#8221; el_id=&#8221;prices&#8221;][vc_column]<section class=\"section-padding\">\r\n    <div class=\"container\">\r\n    <div class=\"section-title\"> <strong>Preise<\/strong>\r\n        <h1 class=\"heading bold\">Damen<\/h1>\r\n        <hr>\r\n        <p><\/p>\r\n      <\/div>\r\n      <div class=\"row\">\r\n      <div class=\"rates-pricing padding-top-30\">\r\n        <div class=\"col-md-6 col-sm-6 col-xs-12\">\r\n        <div class=\"row\">\r\n       \t<div class=\"styles\">\r\n          <div class=\"col-md-4 col-sm-4\">\r\n          <div class=\"popular-styles\">\r\n            <a class=\"tt-lightbox\" href=\"https:\/\/frisoer-wuestenrot.de\/wp-content\/uploads\/2021\/02\/GLYNT_Beauty_A3_Dana_Web.jpg\"><img decoding=\"async\" alt=\"\" class=\"img-responsive\" src=\"https:\/\/frisoer-wuestenrot.de\/wp-content\/uploads\/2021\/02\/GLYNT_Beauty_A3_Dana_Web.jpg\">  <\/a>  \r\n          <\/div>  \r\n           <\/div>\r\n          <div class=\"col-md-4 col-sm-4\">\r\n          <div class=\"popular-styles\">\r\n            <a class=\"tt-lightbox\" href=\"\"><img decoding=\"async\" alt=\"\" class=\"img-responsive\" src=\"\">  <\/a>  \r\n          <\/div>  \r\n           <\/div>           \r\n           <\/div>                    \r\n         <\/div>                    \r\n\t  <\/div>\r\n        <div class=\"col-md-6 col-sm-6 col-xs-12\">\r\n         <ul class=\"price_ul\"><li class=\"price_list\">\r\n                                <div class=\"price_title\">\r\n                                    <a href=\"\">Haarschnitt \/ F\u00f6hnen (inkl. waschen)<\/a>\r\n                                <\/div>\r\n                                <div class=\"price_right\">\r\n                                    ab 55\u20ac\r\n                                <\/div>\r\n                            <\/li><li class=\"price_list\">\r\n                                <div class=\"price_title\">\r\n                                    <a href=\"\">Waschen \/ F\u00f6hnen<\/a>\r\n                                <\/div>\r\n                                <div class=\"price_right\">\r\n                                    35\u20ac\r\n                                <\/div>\r\n                            <\/li><li class=\"price_list\">\r\n                                <div class=\"price_title\">\r\n                                    <a href=\"\">Schneiden (inkl. waschen)<\/a>\r\n                                <\/div>\r\n                                <div class=\"price_right\">\r\n                                    ab 40\u20ac\r\n                                <\/div>\r\n                            <\/li>\r\n            <\/ul>\r\n        <\/div>\r\n       <\/div> \r\n      <\/div>\r\n    <\/div>\r\n  <\/section><section class=\"section-padding\">\r\n    <div class=\"container\">\r\n    <div class=\"section-title\"> <strong>Preise<\/strong>\r\n        <h1 class=\"heading bold\">Herren<\/h1>\r\n        <hr>\r\n        <p><\/p>\r\n      <\/div>\r\n      <div class=\"row\">\r\n      <div class=\"rates-pricing padding-top-30\">\r\n        <div class=\"col-md-6 col-sm-6 col-xs-12\">\r\n        <div class=\"row\">\r\n       \t<div class=\"styles\">\r\n          <div class=\"col-md-4 col-sm-4\">\r\n          <div class=\"popular-styles\">\r\n            <a class=\"tt-lightbox\" href=\"https:\/\/frisoer-wuestenrot.de\/wp-content\/uploads\/2021\/02\/GLYNT_Beauty_A3_Victor_Web.jpg\"><img decoding=\"async\" alt=\"\" class=\"img-responsive\" src=\"https:\/\/frisoer-wuestenrot.de\/wp-content\/uploads\/2021\/02\/GLYNT_Beauty_A3_Victor_Web.jpg\">  <\/a>  \r\n          <\/div>  \r\n           <\/div>\r\n          <div class=\"col-md-4 col-sm-4\">\r\n          <div class=\"popular-styles\">\r\n            <a class=\"tt-lightbox\" href=\"\"><img decoding=\"async\" alt=\"\" class=\"img-responsive\" src=\"\">  <\/a>  \r\n          <\/div>  \r\n           <\/div>           \r\n           <\/div>                    \r\n         <\/div>                    \r\n\t  <\/div>\r\n        <div class=\"col-md-6 col-sm-6 col-xs-12\">\r\n         <ul class=\"price_ul\"><li class=\"price_list\">\r\n                                <div class=\"price_title\">\r\n                                    <a href=\"\">Haarschnitt \/ F\u00f6hnen (inkl. Waschen)<\/a>\r\n                                <\/div>\r\n                                <div class=\"price_right\">\r\n                                    36,50\u20ac\r\n                                <\/div>\r\n                            <\/li><li class=\"price_list\">\r\n                                <div class=\"price_title\">\r\n                                    <a href=\"\"><\/a>\r\n                                <\/div>\r\n                                <div class=\"price_right\">\r\n                                    \r\n                                <\/div>\r\n                            <\/li>\r\n            <\/ul>\r\n        <\/div>\r\n       <\/div> \r\n      <\/div>\r\n    <\/div>\r\n  <\/section>[vc_empty_space]<section class=\"section-padding\">\r\n    <div class=\"container\">\r\n    <div class=\"section-title\"> <strong>Preise<\/strong>\r\n        <h1 class=\"heading bold\">Kinder<\/h1>\r\n        <hr>\r\n        <p><\/p>\r\n      <\/div>\r\n      <div class=\"row\">\r\n      <div class=\"rates-pricing padding-top-30\">\r\n        <div class=\"col-md-12\">\r\n         <ul class=\"price_ul\"><li class=\"price_list\">\r\n                                <div class=\"price_title\">\r\n                                    <a href=\"\">Bis 10 Jahre<\/a>\r\n                                <\/div>\r\n                                <div class=\"price_right\">\r\n                                    26\u20ac\r\n                                <\/div>\r\n                            <\/li><li class=\"price_list\">\r\n                                <div class=\"price_title\">\r\n                                    <a href=\"\">Teens (bis 17 Jahre) Girls<\/a>\r\n                                <\/div>\r\n                                <div class=\"price_right\">\r\n                                    ab 44\u20ac\r\n                                <\/div>\r\n                            <\/li><li class=\"price_list\">\r\n                                <div class=\"price_title\">\r\n                                    <a href=\"\">Teens (bis 17 Jahre) Boys<\/a>\r\n                                <\/div>\r\n                                <div class=\"price_right\">\r\n                                    30\u20ac\r\n                                <\/div>\r\n                            <\/li>\r\n            <\/ul>\r\n        <\/div>\r\n       <\/div> \r\n      <\/div>\r\n    <\/div>\r\n  <\/section><section class=\"section-padding\">\r\n    <div class=\"container\">\r\n    <div class=\"section-title\"> <strong>Preise<\/strong>\r\n        <h1 class=\"heading bold\">Farbe \/Coloration<\/h1>\r\n        <hr>\r\n        <p><\/p>\r\n      <\/div>\r\n      <div class=\"row\">\r\n      <div class=\"rates-pricing padding-top-30\">\r\n        <div class=\"col-md-12\">\r\n         <ul class=\"price_ul\"><li class=\"price_list\">\r\n                                <div class=\"price_title\">\r\n                                    <a href=\"\">Ansatz<\/a>\r\n                                <\/div>\r\n                                <div class=\"price_right\">\r\n                                    ab 48,50\u20ac\r\n                                <\/div>\r\n                            <\/li><li class=\"price_list\">\r\n                                <div class=\"price_title\">\r\n                                    <a href=\"\">Komplett \/ Neuf\u00e4rbung<\/a>\r\n                                <\/div>\r\n                                <div class=\"price_right\">\r\n                                    ab 63\u20ac\r\n                                <\/div>\r\n                            <\/li><li class=\"price_list\">\r\n                                <div class=\"price_title\">\r\n                                    <a href=\"\">Highlights in Farbe<\/a>\r\n                                <\/div>\r\n                                <div class=\"price_right\">\r\n                                    20\u20ac \/ 30\u20ac\r\n                                <\/div>\r\n                            <\/li><li class=\"price_list\">\r\n                                <div class=\"price_title\">\r\n                                    <a href=\"\">Pflanzenfarbe<\/a>\r\n                                <\/div>\r\n                                <div class=\"price_right\">\r\n                                    ab 52,50\u20ac\r\n                                <\/div>\r\n                            <\/li><li class=\"price_list\">\r\n                                <div class=\"price_title\">\r\n                                    <a href=\"\">Str\u00e4hnen komplett (Folie)<\/a>\r\n                                <\/div>\r\n                                <div class=\"price_right\">\r\n                                    84\u20ac\r\n                                <\/div>\r\n                            <\/li><li class=\"price_list\">\r\n                                <div class=\"price_title\">\r\n                                    <a href=\"\">Alternative Str\u00e4hnentechniken nach Absprache<\/a>\r\n                                <\/div>\r\n                                <div class=\"price_right\">\r\n                                    nach Aufwand\r\n                                <\/div>\r\n                            <\/li><li class=\"price_list\">\r\n                                <div class=\"price_title\">\r\n                                    <a href=\"\">Str\u00e4hnen Oberkopf<\/a>\r\n                                <\/div>\r\n                                <div class=\"price_right\">\r\n                                    42\u20ac\r\n                                <\/div>\r\n                            <\/li>\r\n            <\/ul>\r\n        <\/div>\r\n       <\/div> \r\n      <\/div>\r\n    <\/div>\r\n  <\/section><section class=\"section-padding\">\r\n    <div class=\"container\">\r\n    <div class=\"section-title\"> <strong>Preise<\/strong>\r\n        <h1 class=\"heading bold\">Dauerwelle \/ Sonstiges<\/h1>\r\n        <hr>\r\n        <p><\/p>\r\n      <\/div>\r\n      <div class=\"row\">\r\n      <div class=\"rates-pricing padding-top-30\">\r\n        <div class=\"col-md-12\">\r\n         <ul class=\"price_ul\"><li class=\"price_list\">\r\n                                <div class=\"price_title\">\r\n                                    <a href=\"\">Dauerwelle personalisiert (komplett)<\/a>\r\n                                <\/div>\r\n                                <div class=\"price_right\">\r\n                                    ab 63\u20ac\r\n                                <\/div>\r\n                            <\/li><li class=\"price_list\">\r\n                                <div class=\"price_title\">\r\n                                    <a href=\"\">Dauerwelle personalisiert Oberkopf \/ Herren<\/a>\r\n                                <\/div>\r\n                                <div class=\"price_right\">\r\n                                    47,50\u20ac\r\n                                <\/div>\r\n                            <\/li><li class=\"price_list\">\r\n                                <div class=\"price_title\">\r\n                                    <a href=\"\">Haarkur<\/a>\r\n                                <\/div>\r\n                                <div class=\"price_right\">\r\n                                    10\u20ac\r\n                                <\/div>\r\n                            <\/li><li class=\"price_list\">\r\n                                <div class=\"price_title\">\r\n                                    <a href=\"\">Intensivpackung TRI JUVEN<\/a>\r\n                                <\/div>\r\n                                <div class=\"price_right\">\r\n                                    20\u20ac\r\n                                <\/div>\r\n                            <\/li><li class=\"price_list\">\r\n                                <div class=\"price_title\">\r\n                                    <a href=\"\">Augenbrauen f\u00e4rben<\/a>\r\n                                <\/div>\r\n                                <div class=\"price_right\">\r\n                                    8,50\u20ac\r\n                                <\/div>\r\n                            <\/li><li class=\"price_list\">\r\n                                <div class=\"price_title\">\r\n                                    <a href=\"\">Wimpern f\u00e4rben<\/a>\r\n                                <\/div>\r\n                                <div class=\"price_right\">\r\n                                    10\u20ac\r\n                                <\/div>\r\n                            <\/li><li class=\"price_list\">\r\n                                <div class=\"price_title\">\r\n                                    <a href=\"\">Augenbrauen zupfen<\/a>\r\n                                <\/div>\r\n                                <div class=\"price_right\">\r\n                                    8\u20ac\r\n                                <\/div>\r\n                            <\/li>\r\n            <\/ul>\r\n        <\/div>\r\n       <\/div> \r\n      <\/div>\r\n    <\/div>\r\n  <\/section>[\/vc_column][\/vc_row][vc_row][vc_column]<div class=\"section-title-left\"> <strong>Impressum<\/strong>\r\n\t\t\t\t<h1 class=\"heading bold\"><\/h1>\r\n\t\t\t\t<hr>\r\n\t\t\t\t<p><\/p>\r\n\t\t\t  <\/div>[vc_raw_html]JTNDcCUzRURhcyUyMEltcHJlc3N1bSUyMGZpbmRlbiUyMFNpZSUyMGF1ZiUyMGZvbGdlbmRlciUyMFNlaXRlJTNBJTIwJTNDYSUyMGhyZWYlM0QlMjJodHRwcyUzQSUyRiUyRmZyaXNvZXItd3Vlc3RlbnJvdC5kZSUyRmluZGV4LnBocCUyRmltcHJlc3N1bSUyRiUyMiUzRUltcHJlc3N1bSUzQyUyRmElM0UlMjAlM0MlMkZwJTNFJTBB[\/vc_raw_html][\/vc_column][\/vc_row]<\/p>\n<\/div>","protected":false},"excerpt":{"rendered":"<p>[vc_row full_width=&#8221;stretch_row_content_no_spaces&#8221;][vc_column][vc_column_text][rev_slider_vc alias=&#8221;hauptslider-1&#8243;][vc_raw_html]JTNDYnIlM0U=[\/vc_raw_html][\/vc_column_text][\/vc_column][\/vc_row][vc_row el_id=&#8221;about&#8221;][vc_column][\/vc_column][vc_column][vc_empty_space][\/vc_column][\/vc_row][vc_row full_width=&#8221;stretch_row_content_no_spaces&#8221;][vc_column][vc_empty_space][\/vc_column][\/vc_row][vc_row el_id=&#8221;news&#8221;][vc_column][vc_single_image image=&#8221;2441&#8243; img_size=&#8221;large&#8221; alignment=&#8221;center&#8221; onclick=&#8221;custom_link&#8221; css_animation=&#8221;flipInY&#8221; link=&#8221;https:\/\/www.glynt.com\/a\/308255&#8243;][vc_empty_space][\/vc_column][\/vc_row][vc_row el_id=&#8221;pictures&#8221;][vc_column][vc_separator][vc_empty_space][\/vc_column][\/vc_row][vc_row full_width=&#8221;stretch_row_content_no_spaces&#8221; el_id=&#8221;hours&#8221;][vc_column][\/vc_column][\/vc_row][vc_row full_width=&#8221;stretch_row&#8221; top_padding=&#8221;140px&#8221; bottom_padding=&#8221;30px&#8221; css=&#8221;.vc_custom_1507886606366{background-color: #f9f9f9 !important;}&#8221; el_id=&#8221;prices&#8221;][vc_column][vc_empty_space][\/vc_column][\/vc_row][vc_row][vc_column][vc_raw_html]JTNDcCUzRURhcyUyMEltcHJlc3N1bSUyMGZpbmRlbiUyMFNpZSUyMGF1ZiUyMGZvbGdlbmRlciUyMFNlaXRlJTNBJTIwJTNDYSUyMGhyZWYlM0QlMjJodHRwcyUzQSUyRiUyRmZyaXNvZXItd3Vlc3RlbnJvdC5kZSUyRmluZGV4LnBocCUyRmltcHJlc3N1bSUyRiUyMiUzRUltcHJlc3N1bSUzQyUyRmElM0UlMjAlM0MlMkZwJTNFJTBB[\/vc_raw_html][\/vc_column][\/vc_row]<\/p>\n","protected":false},"author":1,"featured_media":0,"parent":0,"menu_order":0,"comment_status":"closed","ping_status":"closed","template":"page-vc.php","meta":{"footnotes":""},"class_list":["post-303","page","type-page","status-publish","hentry"],"_links":{"self":[{"href":"https:\/\/frisoer-wuestenrot.de\/index.php\/wp-json\/wp\/v2\/pages\/303","targetHints":{"allow":["GET"]}}],"collection":[{"href":"https:\/\/frisoer-wuestenrot.de\/index.php\/wp-json\/wp\/v2\/pages"}],"about":[{"href":"https:\/\/frisoer-wuestenrot.de\/index.php\/wp-json\/wp\/v2\/types\/page"}],"author":[{"embeddable":true,"href":"https:\/\/frisoer-wuestenrot.de\/index.php\/wp-json\/wp\/v2\/users\/1"}],"replies":[{"embeddable":true,"href":"https:\/\/frisoer-wuestenrot.de\/index.php\/wp-json\/wp\/v2\/comments?post=303"}],"version-history":[{"count":84,"href":"https:\/\/frisoer-wuestenrot.de\/index.php\/wp-json\/wp\/v2\/pages\/303\/revisions"}],"predecessor-version":[{"id":2460,"href":"https:\/\/frisoer-wuestenrot.de\/index.php\/wp-json\/wp\/v2\/pages\/303\/revisions\/2460"}],"wp:attachment":[{"href":"https:\/\/frisoer-wuestenrot.de\/index.php\/wp-json\/wp\/v2\/media?parent=303"}],"curies":[{"name":"wp","href":"https:\/\/api.w.org\/{rel}","templated":true}]}}